{"id":765,"date":"2023-03-30T15:45:56","date_gmt":"2023-03-30T14:45:56","guid":{"rendered":"https:\/\/aleobytrigano.com\/?page_id=765"},"modified":"2023-07-03T14:15:23","modified_gmt":"2023-07-03T13:15:23","slug":"confidentialite","status":"publish","type":"page","link":"https:\/\/aleobytrigano.com\/index.php\/confidentialite\/","title":{"rendered":"Politique de confidentialit\u00e9"},"content":{"rendered":"\t\t<div data-elementor-type=\"wp-page\" data-elementor-id=\"765\" class=\"elementor elementor-765\" data-elementor-post-type=\"page\">\n\t\t\t\t\t\t<section class=\"elementor-section elementor-top-section elementor-element elementor-element-fe07a86 elementor-section-boxed elementor-section-height-default elementor-section-height-default\" data-id=\"fe07a86\" data-element_type=\"section\" data-e-type=\"section\" data-settings=\"{&quot;background_background&quot;:&quot;classic&quot;}\">\n\t\t\t\t\t\t<div class=\"elementor-container elementor-column-gap-default\">\n\t\t\t\t\t<div class=\"elementor-column elementor-col-100 elementor-top-column elementor-element elementor-element-1ec948c\" data-id=\"1ec948c\" data-element_type=\"column\" data-e-type=\"column\">\n\t\t\t<div class=\"elementor-widget-wrap elementor-element-populated\">\n\t\t\t\t\t\t<div class=\"elementor-element elementor-element-806b917 elementor-widget elementor-widget-image\" data-id=\"806b917\" data-element_type=\"widget\" data-e-type=\"widget\" data-widget_type=\"image.default\">\n\t\t\t\t<div class=\"elementor-widget-container\">\n\t\t\t\t\t\t\t\t\t\t\t\t\t\t\t\t<a href=\"https:\/\/aleobytrigano.com\/\">\n\t\t\t\t\t\t\t<img fetchpriority=\"high\" decoding=\"async\" width=\"300\" height=\"300\" src=\"https:\/\/aleobytrigano.com\/wp-content\/uploads\/2023\/04\/cropped-ALEO-by-trigano-quadri-CMJN-Carre-300x300.png\" class=\"attachment-medium size-medium wp-image-839\" alt=\"Logo Al\u00e9o by Trigano\" srcset=\"https:\/\/aleobytrigano.com\/wp-content\/uploads\/2023\/04\/cropped-ALEO-by-trigano-quadri-CMJN-Carre-300x300.png 300w, https:\/\/aleobytrigano.com\/wp-content\/uploads\/2023\/04\/cropped-ALEO-by-trigano-quadri-CMJN-Carre-150x150.png 150w, https:\/\/aleobytrigano.com\/wp-content\/uploads\/2023\/04\/cropped-ALEO-by-trigano-quadri-CMJN-Carre-270x270.png 270w, https:\/\/aleobytrigano.com\/wp-content\/uploads\/2023\/04\/cropped-ALEO-by-trigano-quadri-CMJN-Carre-192x192.png 192w, https:\/\/aleobytrigano.com\/wp-content\/uploads\/2023\/04\/cropped-ALEO-by-trigano-quadri-CMJN-Carre-180x180.png 180w, https:\/\/aleobytrigano.com\/wp-content\/uploads\/2023\/04\/cropped-ALEO-by-trigano-quadri-CMJN-Carre-32x32.png 32w, https:\/\/aleobytrigano.com\/wp-content\/uploads\/2023\/04\/cropped-ALEO-by-trigano-quadri-CMJN-Carre.png 512w\" sizes=\"(max-width: 300px) 100vw, 300px\" \/>\t\t\t\t\t\t\t\t<\/a>\n\t\t\t\t\t\t\t\t\t\t\t\t\t\t\t<\/div>\n\t\t\t\t<\/div>\n\t\t\t\t<div class=\"elementor-element elementor-element-b8057eb elementor-widget elementor-widget-heading\" data-id=\"b8057eb\" data-element_type=\"widget\" data-e-type=\"widget\" data-widget_type=\"heading.default\">\n\t\t\t\t<div class=\"elementor-widget-container\">\n\t\t\t\t\t<h1 class=\"elementor-heading-title elementor-size-default\">Politique de confidentialit\u00e9<\/h1>\t\t\t\t<\/div>\n\t\t\t\t<\/div>\n\t\t\t\t\t<\/div>\n\t\t<\/div>\n\t\t\t\t\t<\/div>\n\t\t<\/section>\n\t\t\t\t<section class=\"elementor-section elementor-top-section elementor-element elementor-element-9587606 elementor-section-boxed elementor-section-height-default elementor-section-height-default\" data-id=\"9587606\" data-element_type=\"section\" data-e-type=\"section\">\n\t\t\t\t\t\t<div class=\"elementor-container elementor-column-gap-default\">\n\t\t\t\t\t<div class=\"elementor-column elementor-col-100 elementor-top-column elementor-element elementor-element-cde243c\" data-id=\"cde243c\" data-element_type=\"column\" data-e-type=\"column\">\n\t\t\t<div class=\"elementor-widget-wrap elementor-element-populated\">\n\t\t\t\t\t\t<div class=\"elementor-element elementor-element-3aeb4ff elementor-widget elementor-widget-text-editor\" data-id=\"3aeb4ff\" data-element_type=\"widget\" data-e-type=\"widget\" data-widget_type=\"text-editor.default\">\n\t\t\t\t<div class=\"elementor-widget-container\">\n\t\t\t\t\t\t\t\t\t<p><strong>Dans le cadre de l\u2019entr\u00e9e en vigueur du R\u00e8glement G\u00e9n\u00e9ral sur la Protection des Donn\u00e9es (UE) 2016\/679 le 25 mai 2018, nous avons renforc\u00e9 notre politique de confidentialit\u00e9.<\/strong><\/p><p><strong>\u00a0<\/strong><\/p><p><strong>\u00a0<\/strong><\/p><p><strong>Nos engagements en mati\u00e8re de protection de vos donn\u00e9es personnelles<\/strong><\/p><p><strong>\u00a0<\/strong><\/p><p>Afin que vous puissiez naviguer sur notre site en toute tranquillit\u00e9, nous, Trigano Jardin, en tant que Responsable du Traitement, vous exposons comment nous collectons, traitons et utilisons vos donn\u00e9es personnelles, pour vous apporter au quotidien de nouveaux services dans le respect de vos droits.<\/p><p>Nous prot\u00e9geons votre vie priv\u00e9e en assurant la protection, la confidentialit\u00e9, la non alt\u00e9ration, la disponibilit\u00e9 et la s\u00e9curit\u00e9 des donn\u00e9es personnelles que vous nous confiez sur l\u2019ensemble de nos canaux de communication.<\/p><p>Nous prenons l\u2019ensemble des mesures n\u00e9cessaires afin de :<\/p><ul><li>vous fournir une information claire et transparente sur la mani\u00e8re dont vos donn\u00e9es personnelles seront collect\u00e9es et trait\u00e9es ;<\/li><li>mettre en place toutes les mesures techniques et organisationnelles n\u00e9cessaires pour prot\u00e9ger vos donn\u00e9es personnelles contre la divulgation, la perte, l\u2019alt\u00e9ration ou l\u2019acc\u00e8s par un tiers non autoris\u00e9 ;<\/li><li>conserver vos donn\u00e9es personnelles uniquement le temps n\u00e9cessaire aux fins du traitement ou du service d\u00e9termin\u00e9 ;<\/li><li>vous offrir \u00e0 tout moment la possibilit\u00e9 d\u2019acc\u00e9der et de modifier vos donn\u00e9es personnelles que nous traitons.<\/li><\/ul><p>Pour atteindre ces objectifs, nous mettons en \u0153uvre les mesures techniques et organisationnelles appropri\u00e9es pour nous assurer que les traitements sont conformes au droit applicable en mati\u00e8re de protection des donn\u00e9es personnelles.<\/p><p>\u00a0<\/p><ol><li><strong> A quelles occasions et quelles donn\u00e9es personnelles collectons-nous ?<\/strong><\/li><\/ol><p>Vos donn\u00e9es personnelles peuvent \u00eatre recueillies lorsque :<\/p><ul><li>vous visitez notre site internet qui peut utiliser des cookies ;<\/li><li>vous \u00e9changez avec notre service client\u00a0;<\/li><li>vous adh\u00e9rez \u00e0 notre newsletter.<\/li><\/ul><p>Dans ce contexte, Trigano Jardin en qualit\u00e9 de Responsable du Traitement, est amen\u00e9e \u00e0 mettre en \u0153uvre un traitement de donn\u00e9es, dans le respect de la r\u00e8glementation applicable, dont la finalit\u00e9 est de permettre la communication avec vous. Ainsi apr\u00e8s votre inscription sur notre site et sous r\u00e9serve de son consentement, l\u2019utilisateur de notre site peut recevoir des newsletters et des contenus informationnels.<\/p><p>\u00a0<\/p><p>Les informations dont la collecte est strictement n\u00e9cessaire pour vous fournir un service sont signal\u00e9es par un ast\u00e9risque et concernent g\u00e9n\u00e9ralement vos nom, pr\u00e9nom, adresse de courrier \u00e9lectronique.<\/p><p>S\u2019agissant des cookies qui sont collect\u00e9s lors de votre connexion \u00e0 notre site Trigano Jardin, nous vous invitons \u00e0 consulter notre politique Cookies au paragraphe 4 \u00ab\u00a0Gestion des cookies\u00a0\u00bb.<\/p><p>Nous pouvons \u00e9galement \u00eatre amen\u00e9s \u00e0 collecter vos donn\u00e9es lorsque vous postulez en ligne via le module de recrutement. S\u2019agissant du recrutement, nous vous invitons \u00e0 consulter la politique de protection des donn\u00e9es personnelles destin\u00e9es aux candidats en <a href=\"https:\/\/aleobytrigano.com\/index.php\/politique-de-protection-des-donnees-a-caractere-personnel-des-candidats\/\">cliquant ici<\/a>.<\/p><p>\u00a0<\/p>\t\t\t\t\t\t\t\t<\/div>\n\t\t\t\t<\/div>\n\t\t\t\t<div class=\"elementor-element elementor-element-b18ea70 elementor-widget elementor-widget-text-editor\" data-id=\"b18ea70\" data-element_type=\"widget\" data-e-type=\"widget\" data-widget_type=\"text-editor.default\">\n\t\t\t\t<div class=\"elementor-widget-container\">\n\t\t\t\t\t\t\t\t\t<ol start=\"2\"><li><strong> Qui sont les destinataires de vos donn\u00e9es personnelles ?<\/strong><\/li><\/ol><p>\u00a0<\/p><p>Nous veillons \u00e0 ce que seules des personnes habilit\u00e9es au sein de Trigano Jardin puissent acc\u00e9der \u00e0 vos donn\u00e9es personnelles.<\/p><p>Nous pouvons communiquer vos donn\u00e9es \u00e0 des tiers, agissant en qualit\u00e9 de sous-traitants, li\u00e9s par un contrat de sous-traitance pour ex\u00e9cuter notamment des services d\u2019h\u00e9bergement, de stockage, de communication, de traitement de donn\u00e9es, de gestion de bases de donn\u00e9es ou encore de maintenance informatique. Dans certains cas, nous pouvons partager vos donn\u00e9es personnelles avec d\u2019autres soci\u00e9t\u00e9s du groupe TRIGANO au niveau europ\u00e9en. Ces soci\u00e9t\u00e9s et ces sous-traitants seront tenus aux m\u00eames obligations de s\u00e9curit\u00e9 et de confidentialit\u00e9 que Trigano Jardin.<\/p><p><strong>\u00a0<\/strong><\/p><ol start=\"3\"><li><strong> O\u00f9 sont stock\u00e9es vos donn\u00e9es personnelles ?<\/strong><\/li><\/ol><p>\u00a0<\/p><p>Les donn\u00e9es sont stock\u00e9es dans le respect de la l\u00e9gislation fran\u00e7aise et de la r\u00e9glementation europ\u00e9enne.<\/p><p>Si notre prestataire intervient en dehors de l\u2019Union Europ\u00e9enne, nous prot\u00e9geons la confidentialit\u00e9 de vos informations personnelles et vos droits en utilisant les clauses de protection des donn\u00e9es recommand\u00e9es par la Commission Europ\u00e9enne.<\/p><p>Les dur\u00e9es de conservation des donn\u00e9es respectent les recommandations de la CNIL et\/ou les obligations l\u00e9gales :<\/p><p>Donn\u00e9es de votre compte : 10 ans \u00e0 compter de votre dernier contact avec Trigano Jardin.<\/p><p>Donn\u00e9es concernant les prospects : 10 ans \u00e0 compter de votre dernier contact avec Trigano Jardin<\/p><p>Pi\u00e8ce d\u2019identit\u00e9 communiqu\u00e9e dans le cadre de l\u2019exercice des droits d\u2019interrogation, d\u2019acc\u00e8s, de rectification et d\u2019opposition\u00a0: 10 ans \u00e0 compter de la date de r\u00e9ception par Trigano Jardin.<\/p><p>Au terme de ces dur\u00e9es, nous pouvons proc\u00e9der \u00e0 l\u2019archivage des donn\u00e9es, notamment pour r\u00e9pondre aux d\u00e9lais de prescription des actions en justice.<\/p><p><strong>\u00a0<\/strong><\/p><ol start=\"4\"><li><strong> Gestion des cookies<\/strong><\/li><\/ol><p>\u00a0<\/p><p>A l\u2019occasion de la consultation de notre site internet, nous pouvons \u00eatre amen\u00e9s, si vous l\u2019acceptez, \u00e0 d\u00e9poser des cookies sur\u00a0le navigateur\u00a0de votre\u00a0ordinateur, votre tablette ou votre mobile,\u00a0gr\u00e2ce\u00a0\u00e0 une plateforme externe de gestion du consentement\u00a0Al\u00e9o by Trigano\u00a0accessible depuis notre site. Les cookies\u00a0sont stock\u00e9s par votre navigateur dans des petits fichiers textes\u00a0qui nous permettent pendant leur dur\u00e9e de validit\u00e9 ou d\u2019enregistrement\u00a0de\u00a013\u00a0mois,\u00a0d\u2019identifier le navigateur\u00a0de votre ordinateur,\u00a0votre tablette ou votre mobile,\u00a0lors de vos prochaines visites,\u00a0et de suivre des donn\u00e9es concernant votre utilisation de notre site.\u00a0<\/p><p><br \/><br \/><\/p><p>Des partenaires ou prestataires de\u00a0Trigano Jardin, ou des soci\u00e9t\u00e9s tierces, peuvent \u00e9galement \u00eatre amen\u00e9s \u00e0 d\u00e9poser des cookies sur\u00a0le navigateur\u00a0de votre ordinateur,\u00a0votre tablette ou votre mobile.\u00a0L&rsquo;\u00e9mission et l&rsquo;utilisation de cookies par des tiers, sont soumises aux politiques de protection des donn\u00e9es de ces tiers\u00a0(liens ci-dessous). Nous n&rsquo;avons ni acc\u00e8s ni contr\u00f4le sur les cookies tiers.\u00a0Seul l\u2019\u00e9metteur d\u2019un cookie est susceptible de lire ou de modifier les informations contenues dans ce cookie.\u00a0<\/p><p><br \/><br \/><\/p><p>Certains cookies sont indispensables \u00e0 la navigation sur notre site\u00a0(les cookies \u00ab\u00a0techniques\u00a0\u00bb :\u00a0cookies de session, s\u00e9lection de produits,\u00a0etc.)\u00a0Ces cookies sont strictement n\u00e9cessaires au fonctionnement et aux op\u00e9rations d&rsquo;administration courante de notre site. Ainsi, ces cookies ne sont pas soumis \u00e0 l&rsquo;obligation l\u00e9gale de recueil pr\u00e9alable de votre consentement (article 82 de la loi n\u00b078-17 du 6 janvier 1978 modifi\u00e9e). Vous pouvez supprimer ces cookies \u00e0 tout moment, mais\u00a0leur suppression peut entra\u00eener des difficult\u00e9s.\u00a0\u00a0<\/p><p>\u00a0<\/p><p>Vous trouverez ci-dessous les informations relatives aux cookies susceptibles d\u2019\u00eatre d\u00e9pos\u00e9s sur\u00a0le navigateur\u00a0de votre ordinateur,\u00a0votre tablette ou votre mobile,\u00a0lorsque vous visitez des pages du site\u00a0Al\u00e9o by Trigano, ainsi que les moyens vous permettant de supprimer\/refuser l\u2019inscription de ces cookies\u00a0sur le navigateur\u00a0de votre ordinateur,\u00a0votre tablette ou votre mobile.\u00a0<\/p><p>\u00a0<\/p>\t\t\t\t\t\t\t\t<\/div>\n\t\t\t\t<\/div>\n\t\t\t\t<div class=\"elementor-element elementor-element-577657f elementor-widget elementor-widget-text-editor\" data-id=\"577657f\" data-element_type=\"widget\" data-e-type=\"widget\" data-widget_type=\"text-editor.default\">\n\t\t\t\t<div class=\"elementor-widget-container\">\n\t\t\t\t\t\t\t\t\t<p>Pour en savoir plus sur la politique de protection des donn\u00e9es des\u00a0partenaires ou prestataires de\u00a0Trigano Jardin, ci-dessous list\u00e9s,\u00a0conna\u00eetre les dur\u00e9es de conservation des cookies et vous y opposer, cliquez sur la petite bulle bleue en bas \u00e0 gauche.<\/p>\t\t\t\t\t\t\t\t<\/div>\n\t\t\t\t<\/div>\n\t\t\t\t<div class=\"elementor-element elementor-element-99e6218 elementor-widget elementor-widget-text-editor\" data-id=\"99e6218\" data-element_type=\"widget\" data-e-type=\"widget\" data-widget_type=\"text-editor.default\">\n\t\t\t\t<div class=\"elementor-widget-container\">\n\t\t\t\t\t\t\t\t\t<ul><li style=\"list-style-type: none;\">\u00a0<\/li><\/ul><p>Gr\u00e2ce aux param\u00e9trages de\u00a0la\u00a0plateforme externe de gestion du consentement\u00a0Al\u00e9o by Trigano\u00a0accessible depuis notre site, vous pourrez, \u00e0 tout moment, simplement et gratuitement, choisir d\u2019accepter ou non l\u2019enregistrement de cookies\u00a0sur le navigateur\u00a0de votre ordinateur,\u00a0votre tablette ou votre mobile.\u00a0Vous pouvez\u00a0modifier \u00e0 tout moment les param\u00e8tres enregistr\u00e9s sur\u00a0cette\u00a0plateforme, de mani\u00e8re \u00e0 ce que des cookies soient accept\u00e9s et enregistr\u00e9s dans le navigateur de\u00a0votre ordinateur,\u00a0votre tablette ou votre mobile,\u00a0ou au contraire, afin qu\u2019ils soient refus\u00e9s.\u00a0<\/p><p>Vous pouvez param\u00e9trer\u00a0la\u00a0plateforme externe de gestion du consentement\u00a0Al\u00e9o by Trigano accessible depuis notre site de mani\u00e8re :\u00a0<\/p><ul><li>A ce que l\u2019acceptation ou le refus vous soient propos\u00e9s ponctuellement, avant qu\u2019un cookie soit susceptible d\u2019\u00eatre enregistr\u00e9 ;\u00a0<\/li><li>A refuser syst\u00e9matiquement l\u2019enregistrement de cookies dans\u00a0le navigateur\u00a0de votre ordinateur,\u00a0votre tablette ou votre mobile.<\/li><\/ul><div>\u00a0<\/div><p><u>Attention<\/u>\u00a0: Tout param\u00e9trage que vous pouvez entreprendre sur\u00a0la\u00a0plateforme externe de gestion du consentement\u00a0Al\u00e9o by Trigano accessible depuis notre site\u00a0concernant l\u2019acceptation ou le refus de cookies sera susceptible de modifier votre navigation sur Internet et vos conditions d\u2019acc\u00e8s \u00e0 certains services n\u00e9cessitant l\u2019utilisation des cookies.\u00a0<\/p><p>Si vous choisissez de refuser l\u2019enregistrement de cookies dans le navigateur\u00a0de votre ordinateur,\u00a0votre tablette ou votre mobile,\u00a0ou si vous supprimez ceux qui y sont enregistr\u00e9s, nous d\u00e9clinons toute responsabilit\u00e9 pour les cons\u00e9quences li\u00e9es au fonctionnement d\u00e9grad\u00e9 de nos services r\u00e9sultant de l\u2019impossibilit\u00e9 pour nous d\u2019enregistrer ou de consulter les cookies n\u00e9cessaires \u00e0 leur fonctionnement et que vous auriez refus\u00e9s ou supprim\u00e9s.<\/p><p><strong><em>\u00a0<\/em><\/strong><\/p><ol start=\"5\"><li><strong> Nos engagements de s\u00e9curit\u00e9 et de confidentialit\u00e9<\/strong><\/li><\/ol><p><u>\u00a0<\/u><\/p><p><u>Respecter votre droit \u00e0 la protection, \u00e0 la s\u00e9curit\u00e9 et \u00e0 la confidentialit\u00e9 de vos donn\u00e9es, est notre priorit\u00e9.<\/u><\/p><p>Trigano Jardin met en place des mesures de s\u00e9curit\u00e9 organisationnelles et techniques adapt\u00e9es au degr\u00e9 de sensibilit\u00e9 des donn\u00e9es personnelles pour les prot\u00e9ger contre toute intrusion malveillante, toute perte, alt\u00e9ration ou divulgation \u00e0 des tiers non autoris\u00e9s.<\/p><p>Lors de l\u2019\u00e9laboration, de la conception, de la s\u00e9lection et de l\u2019utilisation de nos services qui reposent sur le traitement de donn\u00e9es personnelles, Trigano Jardin prend en compte le droit \u00e0 la protection des donn\u00e9es personnelles d\u00e8s leur conception.<\/p><p>Toutes les donn\u00e9es personnelles \u00e9tant confidentielles, leur acc\u00e8s est limit\u00e9 aux collaborateurs de Trigano Jardin ou prestataires agissant pour le compte de Trigano Jardin, qui en ont besoin dans le cadre de l\u2019ex\u00e9cution de leurs missions. Toutes les personnes ayant acc\u00e8s \u00e0 vos donn\u00e9es sont li\u00e9es par un devoir de confidentialit\u00e9.<\/p><p>\u00a0<\/p><ol start=\"6\"><li><strong>Quels sont<\/strong><strong> vos droits\u00a0?<\/strong><\/li><\/ol><p>Dans l\u2019objectif de vous permettre de contr\u00f4ler nos usages de vos donn\u00e9es personnelles, vous b\u00e9n\u00e9ficiez des droits suivants :<\/p><ul><li>Droit \u00e0 l\u2019information\u00a0;<\/li><li>Droit d\u2019opposition au traitement de vos donn\u00e9es personnelles ;<\/li><li>Droit d\u2019acc\u00e8s aux donn\u00e9es personnelles que nous traitons ;<\/li><li>Droit de rectification ;<\/li><li>Droit \u00e0 l\u2019effacement ;<\/li><li>Droit \u00e0 la portabilit\u00e9 de vos donn\u00e9es ;<\/li><li>Droit \u00e0 la limitation du traitement ;<\/li><li>Droit de d\u00e9finir des directives relatives \u00e0 la conservation, l\u2019effacement et la communication de vos donn\u00e9es personnelles apr\u00e8s votre d\u00e9c\u00e8s\u00a0;<\/li><li>Droit d\u2019introduire une r\u00e9clamation aupr\u00e8s de la CNIL.<\/li><\/ul><p>Vous pouvez exercer vos droits :<\/p><ul><li>par mail, accompagn\u00e9 d\u2019une copie de tout document d\u2019identit\u00e9 (cette donn\u00e9e nous sert \u00e0 v\u00e9rifier que l\u2019auteur de la demande est bien la personne concern\u00e9e par le traitement) : <span style=\"font-size: 24px;\"><i>RGPD.jardin@trigano.fr<\/i><\/span><\/li><li>par courrier, accompagn\u00e9 d\u2019une copie de tout document d\u2019identit\u00e9 (cette donn\u00e9e nous sert \u00e0 v\u00e9rifier que l\u2019auteur de la demande est bien la personne concern\u00e9e par le traitement) en s\u2019adressant \u00e0\u00a0:\u00a0 Trigano Jardin &#8211; DPO &#8211; Le Boulay 41170 Cormenon<\/li><\/ul><p>Si vous souhaitez des pr\u00e9cisions sur le contenu de ces droits, merci de nous contacter aux adresses susmentionn\u00e9es.<\/p><p>Nous vous fournissons nos \u00e9l\u00e9ments de r\u00e9ponses \u00e0 vos demandes dans les meilleurs d\u00e9lais et en tout \u00e9tat de cause dans un d\u00e9lai\u00a0<u>d&rsquo;un mois<\/u>\u00a0\u00e0 compter de la r\u00e9ception de vos demandes.<\/p><p><strong><u>\u00a0<\/u><\/strong><\/p><p>Afin que votre demande soit g\u00e9r\u00e9e plus efficacement, pensez \u00e0\u00a0:<\/p><ul><li>nous indiquer le(s) traitement(s) concern\u00e9(s) par votre demande\u00a0;<\/li><li>nous indiquer le(s) droit(s) que vous souhaitez mettre en \u0153uvre\u00a0;<\/li><li>nous communiquer une copie de votre pi\u00e8ce d\u2019identit\u00e9 (cette donn\u00e9e nous sert \u00e0 v\u00e9rifier que l\u2019auteur de la demande est bien la personne concern\u00e9e par le traitement).<\/li><\/ul><p><a href=\"https:\/\/aleobytrigano.com\/index.php\/contact\/\">Cliquez ici<\/a>\u00a0pour vous d\u00e9sinscrire instantan\u00e9ment de toutes les communications marketing\u00a0de Trigano Jardin<em>.<\/em><\/p><p>En cas de difficult\u00e9 en lien avec la gestion de vos donn\u00e9es personnelles, nous vous invitons \u00e0 nous contacter avant d\u2019introduire une r\u00e9clamation aupr\u00e8s de la CNIL.<\/p>\t\t\t\t\t\t\t\t<\/div>\n\t\t\t\t<\/div>\n\t\t\t\t\t<\/div>\n\t\t<\/div>\n\t\t\t\t\t<\/div>\n\t\t<\/section>\n\t\t\t\t<section class=\"elementor-section elementor-top-section elementor-element elementor-element-5c7a3b9 elementor-section-full_width elementor-section-height-default elementor-section-height-default\" data-id=\"5c7a3b9\" data-element_type=\"section\" data-e-type=\"section\" data-settings=\"{&quot;background_background&quot;:&quot;classic&quot;}\">\n\t\t\t\t\t\t<div class=\"elementor-container elementor-column-gap-default\">\n\t\t\t\t\t<div class=\"elementor-column elementor-col-100 elementor-top-column elementor-element elementor-element-ad37b5c\" data-id=\"ad37b5c\" data-element_type=\"column\" data-e-type=\"column\" data-settings=\"{&quot;background_background&quot;:&quot;classic&quot;}\">\n\t\t\t<div class=\"elementor-widget-wrap elementor-element-populated\">\n\t\t\t\t\t\t<div class=\"elementor-element elementor-element-4001bf6 elementor-widget elementor-widget-heading\" data-id=\"4001bf6\" data-element_type=\"widget\" data-e-type=\"widget\" data-widget_type=\"heading.default\">\n\t\t\t\t<div class=\"elementor-widget-container\">\n\t\t\t\t\t<h3 class=\"elementor-heading-title elementor-size-default\">Nos r\u00e9seaux<\/h3>\t\t\t\t<\/div>\n\t\t\t\t<\/div>\n\t\t\t\t<div class=\"elementor-element elementor-element-e5f64c1 elementor-shape-circle elementor-grid-mobile-0 e-grid-align-mobile-center elementor-grid-0 e-grid-align-center elementor-widget elementor-widget-social-icons\" data-id=\"e5f64c1\" data-element_type=\"widget\" data-e-type=\"widget\" data-widget_type=\"social-icons.default\">\n\t\t\t\t<div class=\"elementor-widget-container\">\n\t\t\t\t\t\t\t<div class=\"elementor-social-icons-wrapper elementor-grid\" role=\"list\">\n\t\t\t\t\t\t\t<span class=\"elementor-grid-item\" role=\"listitem\">\n\t\t\t\t\t<a class=\"elementor-icon elementor-social-icon elementor-social-icon-facebook elementor-repeater-item-7088037\" href=\"https:\/\/fr-fr.facebook.com\/TriganoStore\/\" target=\"_blank\">\n\t\t\t\t\t\t<span class=\"elementor-screen-only\">Facebook<\/span>\n\t\t\t\t\t\t<i aria-hidden=\"true\" class=\"fab fa-facebook\"><\/i>\t\t\t\t\t<\/a>\n\t\t\t\t<\/span>\n\t\t\t\t\t\t\t<span class=\"elementor-grid-item\" role=\"listitem\">\n\t\t\t\t\t<a class=\"elementor-icon elementor-social-icon elementor-social-icon-youtube elementor-repeater-item-6c83e82\" href=\"https:\/\/www.youtube.com\/@triganostore\" target=\"_blank\">\n\t\t\t\t\t\t<span class=\"elementor-screen-only\">Youtube<\/span>\n\t\t\t\t\t\t<i aria-hidden=\"true\" class=\"fab fa-youtube\"><\/i>\t\t\t\t\t<\/a>\n\t\t\t\t<\/span>\n\t\t\t\t\t\t\t<span class=\"elementor-grid-item\" role=\"listitem\">\n\t\t\t\t\t<a class=\"elementor-icon elementor-social-icon elementor-social-icon-linkedin elementor-repeater-item-664d80a\" href=\"https:\/\/fr.linkedin.com\/company\/trigano-jardin\" target=\"_blank\">\n\t\t\t\t\t\t<span class=\"elementor-screen-only\">Linkedin<\/span>\n\t\t\t\t\t\t<i aria-hidden=\"true\" class=\"fab fa-linkedin\"><\/i>\t\t\t\t\t<\/a>\n\t\t\t\t<\/span>\n\t\t\t\t\t<\/div>\n\t\t\t\t\t\t<\/div>\n\t\t\t\t<\/div>\n\t\t\t\t<div class=\"elementor-element elementor-element-4c173dd elementor-widget-divider--view-line elementor-widget elementor-widget-divider\" data-id=\"4c173dd\" data-element_type=\"widget\" data-e-type=\"widget\" data-widget_type=\"divider.default\">\n\t\t\t\t<div class=\"elementor-widget-container\">\n\t\t\t\t\t\t\t<div class=\"elementor-divider\">\n\t\t\t<span class=\"elementor-divider-separator\">\n\t\t\t\t\t\t<\/span>\n\t\t<\/div>\n\t\t\t\t\t\t<\/div>\n\t\t\t\t<\/div>\n\t\t\t\t<div class=\"elementor-element elementor-element-f07366b elementor-widget elementor-widget-text-editor\" data-id=\"f07366b\" data-element_type=\"widget\" data-e-type=\"widget\" data-widget_type=\"text-editor.default\">\n\t\t\t\t<div class=\"elementor-widget-container\">\n\t\t\t\t\t\t\t\t\t<p><a href=\"https:\/\/aleobytrigano.com\/\">Accueil<\/a><\/p><p><a href=\"https:\/\/aleobytrigano.com\/index.php\/mentions-legales\/\">Mentions l\u00e9gales<\/a><\/p>\t\t\t\t\t\t\t\t<\/div>\n\t\t\t\t<\/div>\n\t\t\t\t<div class=\"elementor-element elementor-element-4712adf elementor-widget-divider--view-line elementor-widget elementor-widget-divider\" data-id=\"4712adf\" data-element_type=\"widget\" data-e-type=\"widget\" data-widget_type=\"divider.default\">\n\t\t\t\t<div class=\"elementor-widget-container\">\n\t\t\t\t\t\t\t<div class=\"elementor-divider\">\n\t\t\t<span class=\"elementor-divider-separator\">\n\t\t\t\t\t\t<\/span>\n\t\t<\/div>\n\t\t\t\t\t\t<\/div>\n\t\t\t\t<\/div>\n\t\t\t\t<div class=\"elementor-element elementor-element-07be176 elementor-widget elementor-widget-heading\" data-id=\"07be176\" data-element_type=\"widget\" data-e-type=\"widget\" data-widget_type=\"heading.default\">\n\t\t\t\t<div class=\"elementor-widget-container\">\n\t\t\t\t\t<h3 class=\"elementor-heading-title elementor-size-default\">Al\u00e9o - une marque Trigano<\/h3>\t\t\t\t<\/div>\n\t\t\t\t<\/div>\n\t\t\t\t\t<\/div>\n\t\t<\/div>\n\t\t\t\t\t<\/div>\n\t\t<\/section>\n\t\t\t\t<\/div>\n\t\t","protected":false},"excerpt":{"rendered":"<p>Politique de confidentialit\u00e9 Dans le cadre de l\u2019entr\u00e9e en vigueur du R\u00e8glement G\u00e9n\u00e9ral sur la Protection des Donn\u00e9es (UE) 2016\/679 le 25 mai 2018, nous avons renforc\u00e9 notre politique de confidentialit\u00e9. \u00a0 \u00a0 Nos engagements en mati\u00e8re de protection de vos donn\u00e9es personnelles \u00a0 Afin que vous puissiez naviguer sur notre site en toute tranquillit\u00e9, [&hellip;]<\/p>\n","protected":false},"author":1,"featured_media":0,"parent":0,"menu_order":0,"comment_status":"closed","ping_status":"closed","template":"","meta":{"footnotes":""},"class_list":["post-765","page","type-page","status-publish","hentry"],"amp_enabled":true,"_links":{"self":[{"href":"https:\/\/aleobytrigano.com\/index.php\/wp-json\/wp\/v2\/pages\/765","targetHints":{"allow":["GET"]}}],"collection":[{"href":"https:\/\/aleobytrigano.com\/index.php\/wp-json\/wp\/v2\/pages"}],"about":[{"href":"https:\/\/aleobytrigano.com\/index.php\/wp-json\/wp\/v2\/types\/page"}],"author":[{"embeddable":true,"href":"https:\/\/aleobytrigano.com\/index.php\/wp-json\/wp\/v2\/users\/1"}],"replies":[{"embeddable":true,"href":"https:\/\/aleobytrigano.com\/index.php\/wp-json\/wp\/v2\/comments?post=765"}],"version-history":[{"count":0,"href":"https:\/\/aleobytrigano.com\/index.php\/wp-json\/wp\/v2\/pages\/765\/revisions"}],"wp:attachment":[{"href":"https:\/\/aleobytrigano.com\/index.php\/wp-json\/wp\/v2\/media?parent=765"}],"curies":[{"name":"wp","href":"https:\/\/api.w.org\/{rel}","templated":true}]}}